{"id":7354,"date":"2026-08-31T12:08:00","date_gmt":"2026-08-31T10:08:00","guid":{"rendered":"https:\/\/www.feuerwehr-badharzburg.de\/?post_type=einsatz&#038;p=7354"},"modified":"2026-09-01T14:47:28","modified_gmt":"2026-09-01T12:47:28","slug":"ausgeloeste-brandmeldeanlage-14","status":"publish","type":"einsatz","link":"https:\/\/www.feuerwehr-badharzburg.de\/index.php\/einsatzberichte\/ausgeloeste-brandmeldeanlage-14\/","title":{"rendered":"Ausgel\u00f6ste Brandmeldeanlage"},"content":{"rendered":"\n<p class=\"wp-block-paragraph\">Am gestrigen Mittag wurde die Ortsfeuerwehr Bad Harzburg gemeinsam mit der Ortsfeuerwehr B\u00fcndheim-Schlewecke zu einer ausgel\u00f6sten Brandmeldeanlage in einem Pflegeheim alarmiert. Vor Ort erfolgte eine Erkundung des betroffenen Bereichs. Dabei konnten Bauarbeiten als Ursache f\u00fcr die Ausl\u00f6sung der Brandmeldeanlage festgestellt werden. Nachdem die Brandmeldeanlage zur\u00fcckgestellt worden war, konnte der Einsatz f\u00fcr die Feuerwehr beendet werden.<\/p>\n\n\n<div class=\"wp-block-post-author\"><div class=\"wp-block-post-author__content\"><p class=\"wp-block-post-author__byline\">Ver\u00f6ffentlicht von:<\/p><p class=\"wp-block-post-author__name\"><a href=\"https:\/\/www.feuerwehr-badharzburg.de\/author\/ssawall\/\" target=\"_blank\">Sam Sawall<\/a><\/p><\/div><\/div>","protected":false},"author":28,"featured_media":5326,"template":"","meta":{"_eb_attr":"","_themeisle_gutenberg_block_has_review":false,"einsatz_weight":1,"footnotes":"","jetpack_publicize_message":"","jetpack_publicize_feature_enabled":true,"jetpack_social_post_already_shared":true,"jetpack_social_options":{"image_generator_settings":{"template":"highway","default_image_id":0,"font":"","enabled":false},"version":2}},"categories":[18],"tags":[51,53,50],"einsatzart":[97],"fahrzeug":[],"exteinsatzmittel":[95,96],"alarmierungsart":[],"evw_unit":[99,92],"coauthors":[230],"class_list":["post-7354","einsatz","type-einsatz","status-publish","has-post-thumbnail","hentry","category-einsaetze","tag-bad-harzburg","tag-buendheim-schlewecke","tag-topnews","einsatzart-b","exteinsatzmittel-polizei","exteinsatzmittel-rettungsdienst","evw_unit-ortsfw-bad-harzburg","evw_unit-ortsfw-buendheim-schlewecke"],"magazineBlocksPostFeaturedMedia":{"thumbnail":"https:\/\/www.feuerwehr-badharzburg.de\/wp-content\/uploads\/2024\/09\/FKA05559-150x150.jpg","medium":"https:\/\/www.feuerwehr-badharzburg.de\/wp-content\/uploads\/2024\/09\/FKA05559-300x225.jpg","medium_large":"https:\/\/www.feuerwehr-badharzburg.de\/wp-content\/uploads\/2024\/09\/FKA05559-768x576.jpg","large":"https:\/\/www.feuerwehr-badharzburg.de\/wp-content\/uploads\/2024\/09\/FKA05559-1024x768.jpg","1536x1536":"https:\/\/www.feuerwehr-badharzburg.de\/wp-content\/uploads\/2024\/09\/FKA05559-1536x1152.jpg","2048x2048":"https:\/\/www.feuerwehr-badharzburg.de\/wp-content\/uploads\/2024\/09\/FKA05559.jpg"},"magazineBlocksPostAuthor":{"name":"Sam Sawall","avatar":"https:\/\/secure.gravatar.com\/avatar\/f754521db1b5dd40697f4b6e1b363974e36c011f9b217511c2d4bc49947350ff?s=96&d=mm&r=g"},"magazineBlocksPostCommentsNumber":false,"magazineBlocksPostExcerpt":"Am gestrigen Mittag wurde die Ortsfeuerwehr Bad Harzburg gemeinsam mit der Ortsfeuerwehr B\u00fcndheim-Schlewecke zu einer ausgel\u00f6sten Brandmeldeanlage in einem Pflegeheim alarmiert. Vor Ort erfolgte eine&hellip;","magazineBlocksPostCategories":["Eins\u00e4tze"],"magazineBlocksPostViewCount":189,"magazineBlocksPostReadTime":1,"magazine_blocks_featured_image_url":{"full":["https:\/\/www.feuerwehr-badharzburg.de\/wp-content\/uploads\/2024\/09\/FKA05559.jpg",2048,1536,false],"medium":["https:\/\/www.feuerwehr-badharzburg.de\/wp-content\/uploads\/2024\/09\/FKA05559-300x225.jpg",300,225,true],"thumbnail":["https:\/\/www.feuerwehr-badharzburg.de\/wp-content\/uploads\/2024\/09\/FKA05559-150x150.jpg",150,150,true]},"magazine_blocks_author":{"display_name":"Sam Sawall","author_link":"https:\/\/www.feuerwehr-badharzburg.de\/author\/ssawall\/"},"magazine_blocks_comment":0,"magazine_blocks_author_image":"https:\/\/secure.gravatar.com\/avatar\/f754521db1b5dd40697f4b6e1b363974e36c011f9b217511c2d4bc49947350ff?s=96&d=mm&r=g","magazine_blocks_category":"<a href=\"#\" class=\"category-link category-link-18\">Eins\u00e4tze<\/a>","videoUrl":"","jetpack_publicize_connections":[],"_links":{"self":[{"href":"https:\/\/www.feuerwehr-badharzburg.de\/index.php\/wp-json\/wp\/v2\/einsatz\/7354","targetHints":{"allow":["GET"]}}],"collection":[{"href":"https:\/\/www.feuerwehr-badharzburg.de\/index.php\/wp-json\/wp\/v2\/einsatz"}],"about":[{"href":"https:\/\/www.feuerwehr-badharzburg.de\/index.php\/wp-json\/wp\/v2\/types\/einsatz"}],"author":[{"embeddable":true,"href":"https:\/\/www.feuerwehr-badharzburg.de\/index.php\/wp-json\/wp\/v2\/users\/28"}],"version-history":[{"count":2,"href":"https:\/\/www.feuerwehr-badharzburg.de\/index.php\/wp-json\/wp\/v2\/einsatz\/7354\/revisions"}],"predecessor-version":[{"id":7356,"href":"https:\/\/www.feuerwehr-badharzburg.de\/index.php\/wp-json\/wp\/v2\/einsatz\/7354\/revisions\/7356"}],"wp:featuredmedia":[{"embeddable":true,"href":"https:\/\/www.feuerwehr-badharzburg.de\/index.php\/wp-json\/wp\/v2\/media\/5326"}],"wp:attachment":[{"href":"https:\/\/www.feuerwehr-badharzburg.de\/index.php\/wp-json\/wp\/v2\/media?parent=7354"}],"wp:term":[{"taxonomy":"category","embeddable":true,"href":"https:\/\/www.feuerwehr-badharzburg.de\/index.php\/wp-json\/wp\/v2\/categories?post=7354"},{"taxonomy":"post_tag","embeddable":true,"href":"https:\/\/www.feuerwehr-badharzburg.de\/index.php\/wp-json\/wp\/v2\/tags?post=7354"},{"taxonomy":"einsatzart","embeddable":true,"href":"https:\/\/www.feuerwehr-badharzburg.de\/index.php\/wp-json\/wp\/v2\/einsatzart?post=7354"},{"taxonomy":"fahrzeug","embeddable":true,"href":"https:\/\/www.feuerwehr-badharzburg.de\/index.php\/wp-json\/wp\/v2\/fahrzeug?post=7354"},{"taxonomy":"exteinsatzmittel","embeddable":true,"href":"https:\/\/www.feuerwehr-badharzburg.de\/index.php\/wp-json\/wp\/v2\/exteinsatzmittel?post=7354"},{"taxonomy":"alarmierungsart","embeddable":true,"href":"https:\/\/www.feuerwehr-badharzburg.de\/index.php\/wp-json\/wp\/v2\/alarmierungsart?post=7354"},{"taxonomy":"evw_unit","embeddable":true,"href":"https:\/\/www.feuerwehr-badharzburg.de\/index.php\/wp-json\/wp\/v2\/evw_unit?post=7354"},{"taxonomy":"author","embeddable":true,"href":"https:\/\/www.feuerwehr-badharzburg.de\/index.php\/wp-json\/wp\/v2\/coauthors?post=7354"}],"curies":[{"name":"wp","href":"https:\/\/api.w.org\/{rel}","templated":true}]}}

Ausgelöste Brandmeldeanlage

<p class="wp-block-paragraph">Am gestrigen Mittag wurde die Ortsfeuerwehr Bad Harzburg gemeinsam mit der Ortsfeuerwehr Bündheim-Schlewecke zu einer ausgelösten Brandmeldeanlage in einem Pflegeheim alarmiert. Vor Ort erfolgte eine Erkundung des betroffenen Bereichs. Dabei konnten Bauarbeiten als Ursache für die Auslösung der Brandmeldeanlage festgestellt werden. Nachdem die Brandmeldeanlage zurückgestellt worden war, konnte der Einsatz für die Feuerwehr beendet werden.</p>


<div class="wp-block-post-author"><div class="wp-block-post-author__content"><p class="wp-block-post-author__byline">Veröffentlicht von:</p><p class="wp-block-post-author__name"><a href="https://www.feuerwehr-badharzburg.de/author/ssawall/" target="_blank">Sam Sawall</a></p></div></div>

Am gestrigen Mittag wurde die Ortsfeuerwehr Bad Harzburg gemeinsam mit der Ortsfeuerwehr Bündheim-Schlewecke zu einer ausgelösten Brandmeldeanlage in einem Pflegeheim alarmiert. Vor Ort erfolgte eine&hellip;

Einsätze

<a href="#" class="category-link category-link-18">Einsätze</a>
